be -2*(1 + -2)*143/2. Let q = 5 - 20. Let j be 130/q*(-9)/6. What is the greatest common factor of l and j?
13
Let l(b) = -b + 22. Let a = 117 - 108. Let s be l(a). What is the greatest common factor of 26 and s?
13
Let o be 2*2*(-164)/16. Let b = 47 + o. What is the greatest common divisor of 30 and b?
6
Let j = -26 + 10. Let o be j + 22 + 1 + -5. Suppose d + 198 = o*d. Calculate the greatest common divisor of d and 18.
18
Suppose 4*i + g - 120 = 3*g, -3*i + 2*g + 90 = 0. Suppose -16*q + 152 + 168 = 0. Calculate the greatest common factor of q and i.
10
Suppose -5*b + 757 = 2*p + 222, 3*p = -2*b + 819. What is the highest common divisor of p and 11?
11
Let s be (2 + 2/2)*1170/195. What is the highest common divisor of 24 and s?
6
Let s = 11 - 11. Suppose 11*b - 26 - 1426 = s. What is the greatest common factor of 33 and b?
33
Let r = 20 + -20. Let l be 2/(-3) + ((-314)/(-3) - r). Calculate the greatest common divisor of 13 and l.
13
Suppose -146 - 374 = -10*c. What is the highest common factor of c and 169?
13
Let n be (-12)/(-15)*(8 + -563). Let k = n + 743. What is the greatest common factor of 23 and k?
23
Suppose f - 13 = -4*u, -3*f - 30 + 137 = -5*u. Let n be 16/72 - (-1303)/9. What is the greatest common factor of n and f?
29
Let y = -31 - -17. Let b be 2 + -2 + 2 + (5 - 3). Let a be ((-550)/b)/(7/y). Calculate the highest common divisor of 25 and a.
25
Let s be (-30*113)/(147/(-98)). Calculate the highest common divisor of 20 and s.
20
Suppose 0 = 7*q - 18 - 24. Let o be (-9)/q - 358/(-4). What is the greatest common factor of 8 and o?
8
Let y(h) = 55*h**2 + h - 1. Let d be y(-2). Suppose -a + 4*t = -76, 5*a - 3*t = d + 78. What is the highest common divisor of 8 and a?
8
Suppose -3*k - 7078 + 1624 = 0. Let o = -1276 - k. Let p = o - 308. Calculate the highest common factor of p and 26.
26
Let g(p) = -p**3 - 9*p**2 + 10*p + 57. Let s be g(-10). Calculate the greatest common divisor of s and 399.
57
Let k = -19 - -29. Let t(d) = d**3 + k - 6*d - d - 4*d**2 - 7*d**2 + 2*d**2. Let j be t(10). What is the highest common divisor of 16 and j?
8
Let c = 503 - 496. Let b(d) = 35*d. Let k = 5 + -3. Let u be b(k). Calculate the highest common factor of u and c.
7
Suppose 64*j - 1 = 65*j, 0 = 3*v - j - 181. Let i(o) = -4*o + 3. Let q be i(-3). Calculate the highest common factor of q and v.
15
Let h(p) be the first derivative of 31*p**2 - 12*p + 17. Let t be h(6). What is the highest common divisor of 45 and t?
45
Let p(l) = l**3 - 6*l**2 + 7*l - 8. Let c be p(7). Let g = -30 - -19. Let y be -2 + (2 + -1 - g). What is the greatest common divisor of c and y?
10
Suppose 0 = -3*d - 24 + 186. What is the greatest common divisor of d and 729?
27
Let f = 704 - 501. Let c(b) = -1 - 3*b + 2*b + 18 + 2*b. Let a be c(12). What is the greatest common factor of a and f?
29
Suppose 0 = 5*t - r, -4*t = -4*r + 2*r. Let p be 0/(-6) - -1*(7 - 0). Suppose -f = -t*f - p. Calculate the highest common divisor of 21 and f.
7
Let w(o) = -30*o**3 + o - 9. Let h be w(-3). What is the greatest common divisor of 42 and h?
42
Suppose 4*b - 22 = 2. Let x be (99/(-21) + 5)/((-24)/(-168)). What is the highest common divisor of b and x?
2
Let w(s) = -s**2 - 6*s + 33. Let d be w(-12). Let r be ((-130)/d)/((-2)/(-3)). Calculate the highest common factor of 15 and r.
5
Let n(r) = 23*r - 258. Let i be n(12). What is the highest common factor of 738 and i?
18
Suppose -2*w = -0*w - 4. Suppose -2 = -19*a + 416. What is the highest common factor of a and w?
2
Let w(a) = 428*a + 3973. Let q be w(-9). Let o = 30 + -19. What is the highest common factor of o and q?
11
Let f be 16/56 + 33/7. Let t(h) = -h**3 + 4*h**2 + 8*h - 3. Let l be t(f). What is the greatest common divisor of 4 and l?
4
Suppose 16*g + 1524 = 19*g - 5*v, 2*g + 4*v = 1038. What is the highest common factor of 114 and g?
57
Suppose 4*o - 49 = 5*i, -5*o - i = -70 + 16. Let f = 14 - o. Suppose -4*a + 628 = -f*d, d + 16 = -3*d. Calculate the highest common factor of a and 14.
14
Let c = 118 - 131. Let d(m) = 2*m**2 + 17*m - 33. Let a be d(c). Calculate the greatest common divisor of a and 21.
21
Let a(o) = 7 + 3 + 20 - 7 + 4*o**2 - 7*o. Let i be a(5). Calculate the highest common divisor of 11 and i.
11
Let n = -5 + 9. Let s(u) be the second derivative of -u**4/12 - 2*u**3 + 2*u**2 + 4*u. Let t be s(-8). What is the highest common divisor of t and n?
4
Let s be 190/8 - 1/(-4). Let g be (40/(-15))/(2/(-45)). Suppose 2*p = -0*z - z + g, 0 = 2*z + 5*p - 120. Calculate the highest common factor of s and z.
12
Let s(z) be the first derivative of 4*z**3 + z**2 + 5*z - 2. Let t be s(3). What is the greatest common divisor of t and 17?
17
Let v(s) = s**2 + s + 1. Let y(g) = 6*g**2 + 10*g + 5. Let o(b) = -5*v(b) + y(b). Let r be o(-7). Calculate the greatest common factor of r and 42.
14
Let b(l) = l**3 - 4*l**2 - 17*l + 6. Let p be b(8). Let c = -25 + 67. What is the greatest common divisor of c and p?
42
Let c(p) = 20*p + 178. Let y be c(20). Calculate the highest common factor of 34 and y.
34
Let r(m) = -m**3 - 15*m**2 - 6*m - 6. Let z be (-476)/32 - 4/32. Let a be r(z). What is the highest common factor of a and 12?
12
Let t be 8/2 + -3 + 2. Let w be t + 0 - 6/(-3). Suppose -w*g + 4*v + 22 = 0, g + 1 = -v - 0*v. Calculate the greatest common factor of 14 and g.
2
Suppose 1191 + 120 = 57*r. Let s = 4 + 19. What is the greatest common divisor of r and s?
23
Let k = 27 + -17. Let m be 15*-2*(-5)/k. What is the highest common factor of 6 and m?
3
Suppose -816 - 264 = -4*h. Suppose k + 4*k = 4*v - 279, 4*v = 2*k + h. What is the greatest common divisor of 165 and v?
33
Suppose -5*o - 4*d - 987 = -6*o, 5*o - 5*d - 5010 = 0. What is the greatest common factor of o and 19?
19
Suppose -2*q = 5*b - 406, -5*q + 3*b + 996 = 6*b. Let s = -10 - -28. Calculate the greatest common factor of q and s.
18
Suppose 7*p + 236 - 614 = 0. What is the highest common factor of 1026 and p?
54
Let v(b) = 2*b + 14. Let j be v(-5). Suppose 440 = p + j*p. Suppose 0*o + 11 = o. Calculate the greatest common factor of o and p.
11
Suppose 20 = -4*m, -5*z + 5*m + 31 + 24 = 0. Suppose -42 = -s - z. Calculate the greatest common divisor of s and 12.
12
Suppose 0 = 3*w - 240. Suppose 77*b + 36 = w*b. Suppose 4*s = 2*s + 120. Calculate the highest common divisor of s and b.
12
Suppose 0 = -4*l + y + 1802, -2*l + 48*y = 47*y - 902. What is the greatest common divisor of l and 25?
25
Let d be (-5)/((-5)/3) - (-311 + -10). What is the greatest common factor of 12 and d?
12
Suppose 0 = -5*q + 2*n + 20, 14 = 4*q - n - 2. Suppose w - 445 = -5*s, -4*s - q*w + 372 = -0*s. What is the highest common divisor of 11 and s?
11
Suppose 0 = -4*r + 11*p - 6*p + 430, -5*r = -p - 548. Calculate the highest common divisor of 1265 and r.
55
Suppose -6*x = -50 - 52. Let l(k) = 11*k + 8. Let i(c) = -c + 16. Let r be i(9). Let v be l(r). What is the greatest common divisor of x and v?
17
Let x be (-7)/14 + (-225)/6. Let z = -13 - x. What is the highest common factor of 10 and z?
5
Let v be (-2)/6 + (-115)/(-3). Suppose 4850 = 13*k + 247*k - 90. Calculate the highest common divisor of k and v.
19
Suppose -11*h + 348 = 18*h. What is the greatest common factor of 24 and h?
12
Suppose 4*w = 5*r - 2*r - 15, -6 = 2*w - 2*r. Let y be -5 + w/(-2) + 4. Suppose y*a - 17 = -3. Calculate the highest common factor of 14 and a.
7
Let s = 50 + -34. Let m = -2259 + 2275. What is the highest common divisor of s and m?
16
Let k = 104 - 59. Let s = k - 29. What is the greatest common factor of s and 40?
8
Suppose -251*g = -243*g - 800. Calculate the greatest common factor of g and 40.
20
Let z = 90 - 72. Let s(f) = -f**2 + 108. Let h be s(0). Calculate the greatest common factor of z and h.
18
Suppose 3*z = -2*u + 42, -4*z - 62*u + 52 = -58*u. Let i be ((-24)/10)/((-1)/20). Calculate the highest common factor of i and z.
16
Let w be 4/(-14) + (-340)/(-14). Let f be (0 + -32)/((38/(-2))/114). What is the greatest common factor of w and f?
24
Let y(s) = -s - 40. Let z be y(-11). Let q = 49 + z. What is the greatest common factor of q and 100?
20
Let d(u) = -2*u**2 + 12*u. Let x be d(7). Let l(p) = -p**3 - 12*p**2 + 4*p + 16. Let j be l(x). What is the highest common divisor of j and 32?
32
Suppose 3*v + 5